{"id":4301,"date":"2020-11-13T09:46:06","date_gmt":"2020-11-13T09:46:06","guid":{"rendered":"https:\/\/mouhtadiprojects.com\/Salus\/produit\/actipur-3-en-1-soin-anti-imperfections\/"},"modified":"2020-11-13T09:46:07","modified_gmt":"2020-11-13T09:46:07","slug":"actipur-3-en-1-soin-anti-imperfections","status":"publish","type":"product","link":"https:\/\/mouhtadiprojects.com\/Salus\/produit\/actipur-3-en-1-soin-anti-imperfections\/","title":{"rendered":"ACTIPUR 3 EN 1 SOIN ANTI-IMPERFECTIONS"},"content":{"rendered":"","protected":false},"excerpt":{"rendered":"<p>ACTIPUR 3 en 1 des laboratoires NOREVA, le soin nouvelle g\u00e9n\u00e9ration con\u00e7u par des dermatologues pour \u00e9quilibrer la production de s\u00e9bum, favoriser l\u2019\u00e9limination des imperfections, r\u00e9duire les marques r\u00e9siduelles, hydrater et matifier les peaux sensibles acn\u00e9iques.<\/p>\n","protected":false},"featured_media":4175,"comment_status":"closed","ping_status":"closed","template":"","meta":{"_acf_changed":false},"product_brand":[],"product_cat":[23],"product_tag":[],"class_list":{"0":"post-4301","1":"product","2":"type-product","3":"status-publish","4":"has-post-thumbnail","6":"product_cat-visage","7":"pa_marques-noreva","9":"first","10":"instock","11":"purchasable","12":"product-type-simple"},"acf":[],"_links":{"self":[{"href":"https:\/\/mouhtadiprojects.com\/Salus\/wp-json\/wp\/v2\/product\/4301","targetHints":{"allow":["GET"]}}],"collection":[{"href":"https:\/\/mouhtadiprojects.com\/Salus\/wp-json\/wp\/v2\/product"}],"about":[{"href":"https:\/\/mouhtadiprojects.com\/Salus\/wp-json\/wp\/v2\/types\/product"}],"replies":[{"embeddable":true,"href":"https:\/\/mouhtadiprojects.com\/Salus\/wp-json\/wp\/v2\/comments?post=4301"}],"version-history":[{"count":1,"href":"https:\/\/mouhtadiprojects.com\/Salus\/wp-json\/wp\/v2\/product\/4301\/revisions"}],"predecessor-version":[{"id":4302,"href":"https:\/\/mouhtadiprojects.com\/Salus\/wp-json\/wp\/v2\/product\/4301\/revisions\/4302"}],"wp:featuredmedia":[{"embeddable":true,"href":"https:\/\/mouhtadiprojects.com\/Salus\/wp-json\/wp\/v2\/media\/4175"}],"wp:attachment":[{"href":"https:\/\/mouhtadiprojects.com\/Salus\/wp-json\/wp\/v2\/media?parent=4301"}],"wp:term":[{"taxonomy":"product_brand","embeddable":true,"href":"https:\/\/mouhtadiprojects.com\/Salus\/wp-json\/wp\/v2\/product_brand?post=4301"},{"taxonomy":"product_cat","embeddable":true,"href":"https:\/\/mouhtadiprojects.com\/Salus\/wp-json\/wp\/v2\/product_cat?post=4301"},{"taxonomy":"product_tag","embeddable":true,"href":"https:\/\/mouhtadiprojects.com\/Salus\/wp-json\/wp\/v2\/product_tag?post=4301"}],"curies":[{"name":"wp","href":"https:\/\/api.w.org\/{rel}","templated":true}]}}