{"id":4305,"date":"2020-11-13T09:46:06","date_gmt":"2020-11-13T09:46:06","guid":{"rendered":"https:\/\/mouhtadiprojects.com\/Salus\/produit\/actipur-creme-matifiante-30ml-anti-imperfections\/"},"modified":"2020-11-13T09:46:07","modified_gmt":"2020-11-13T09:46:07","slug":"actipur-creme-matifiante-30ml-anti-imperfections","status":"publish","type":"product","link":"https:\/\/mouhtadiprojects.com\/Salus\/produit\/actipur-creme-matifiante-30ml-anti-imperfections\/","title":{"rendered":"ACTIPUR CR\u00c8ME MATIFIANTE 30ML ANTI-IMPERFECTIONS"},"content":{"rendered":"","protected":false},"excerpt":{"rendered":"<p>Gr\u00e2ce \u00e0 l&#8217;action d&#8217;un complexe brevet\u00e9 Phytosphingosine, C\u00e9ramides et vitamine PP, Actipur\u00ae Cr\u00e8me Matifiante Anti-imperfections favorise l&#8217;\u00e9limination des boutons et points noirs, freine et r\u00e9gule l&#8217;hyper s\u00e9cr\u00e9tion de s\u00e9bum,<br \/>\nLa peau est hydrat\u00e9e*, matifi\u00e9e et retrouve progressivement son \u00e9quilibre,<\/p>\n","protected":false},"featured_media":4178,"comment_status":"closed","ping_status":"closed","template":"","meta":{"_acf_changed":false},"product_brand":[],"product_cat":[23],"product_tag":[],"class_list":{"0":"post-4305","1":"product","2":"type-product","3":"status-publish","4":"has-post-thumbnail","6":"product_cat-visage","7":"pa_marques-noreva","9":"first","10":"instock","11":"purchasable","12":"product-type-simple"},"acf":[],"_links":{"self":[{"href":"https:\/\/mouhtadiprojects.com\/Salus\/wp-json\/wp\/v2\/product\/4305","targetHints":{"allow":["GET"]}}],"collection":[{"href":"https:\/\/mouhtadiprojects.com\/Salus\/wp-json\/wp\/v2\/product"}],"about":[{"href":"https:\/\/mouhtadiprojects.com\/Salus\/wp-json\/wp\/v2\/types\/product"}],"replies":[{"embeddable":true,"href":"https:\/\/mouhtadiprojects.com\/Salus\/wp-json\/wp\/v2\/comments?post=4305"}],"version-history":[{"count":1,"href":"https:\/\/mouhtadiprojects.com\/Salus\/wp-json\/wp\/v2\/product\/4305\/revisions"}],"predecessor-version":[{"id":4306,"href":"https:\/\/mouhtadiprojects.com\/Salus\/wp-json\/wp\/v2\/product\/4305\/revisions\/4306"}],"wp:featuredmedia":[{"embeddable":true,"href":"https:\/\/mouhtadiprojects.com\/Salus\/wp-json\/wp\/v2\/media\/4178"}],"wp:attachment":[{"href":"https:\/\/mouhtadiprojects.com\/Salus\/wp-json\/wp\/v2\/media?parent=4305"}],"wp:term":[{"taxonomy":"product_brand","embeddable":true,"href":"https:\/\/mouhtadiprojects.com\/Salus\/wp-json\/wp\/v2\/product_brand?post=4305"},{"taxonomy":"product_cat","embeddable":true,"href":"https:\/\/mouhtadiprojects.com\/Salus\/wp-json\/wp\/v2\/product_cat?post=4305"},{"taxonomy":"product_tag","embeddable":true,"href":"https:\/\/mouhtadiprojects.com\/Salus\/wp-json\/wp\/v2\/product_tag?post=4305"}],"curies":[{"name":"wp","href":"https:\/\/api.w.org\/{rel}","templated":true}]}}