{"id":6293,"date":"2020-11-26T13:46:24","date_gmt":"2020-11-26T13:46:24","guid":{"rendered":"https:\/\/mouhtadiprojects.com\/Salus\/produit\/avent-2-tetine-natural-6-mois\/"},"modified":"2020-11-26T13:46:26","modified_gmt":"2020-11-26T13:46:26","slug":"avent-2-tetine-natural-6-mois","status":"publish","type":"product","link":"https:\/\/mouhtadiprojects.com\/Salus\/produit\/avent-2-tetine-natural-6-mois\/","title":{"rendered":"AVENT 2 T\u00c9TINE NATURAL 6 MOIS+"},"content":{"rendered":"","protected":false},"excerpt":{"rendered":"<p>Les t\u00e9tines Avent Natural 2 T\u00e9tines pour Liquides \u00c9paissis 6 Mois et + conviennent aux b\u00e9b\u00e9s de 6 mois et plus. Le d\u00e9bit change \u00e0 mesure que vous tournez le biberon.<\/p>\n<p>Le trou en Y est sp\u00e9cialement con\u00e7u pour les liquides \u00e9paissis ou les fines pur\u00e9es. La t\u00e9tine est souple, en silicone, avec valve int\u00e9gr\u00e9e.<\/p>\n<p>La t\u00e9t\u00e9e est naturelle, activ\u00e9e et maitris\u00e9e par le b\u00e9b\u00e9.<\/p>\n<p>0% BPA.<\/p>\n","protected":false},"featured_media":5993,"comment_status":"closed","ping_status":"closed","template":"","meta":{"_acf_changed":false},"product_brand":[],"product_cat":[36],"product_tag":[],"class_list":{"0":"post-6293","1":"product","2":"type-product","3":"status-publish","4":"has-post-thumbnail","6":"product_cat-bebe-maman","7":"pa_marques-avent","9":"first","10":"instock","11":"purchasable","12":"product-type-simple"},"acf":[],"_links":{"self":[{"href":"https:\/\/mouhtadiprojects.com\/Salus\/wp-json\/wp\/v2\/product\/6293","targetHints":{"allow":["GET"]}}],"collection":[{"href":"https:\/\/mouhtadiprojects.com\/Salus\/wp-json\/wp\/v2\/product"}],"about":[{"href":"https:\/\/mouhtadiprojects.com\/Salus\/wp-json\/wp\/v2\/types\/product"}],"replies":[{"embeddable":true,"href":"https:\/\/mouhtadiprojects.com\/Salus\/wp-json\/wp\/v2\/comments?post=6293"}],"version-history":[{"count":1,"href":"https:\/\/mouhtadiprojects.com\/Salus\/wp-json\/wp\/v2\/product\/6293\/revisions"}],"predecessor-version":[{"id":6294,"href":"https:\/\/mouhtadiprojects.com\/Salus\/wp-json\/wp\/v2\/product\/6293\/revisions\/6294"}],"wp:featuredmedia":[{"embeddable":true,"href":"https:\/\/mouhtadiprojects.com\/Salus\/wp-json\/wp\/v2\/media\/5993"}],"wp:attachment":[{"href":"https:\/\/mouhtadiprojects.com\/Salus\/wp-json\/wp\/v2\/media?parent=6293"}],"wp:term":[{"taxonomy":"product_brand","embeddable":true,"href":"https:\/\/mouhtadiprojects.com\/Salus\/wp-json\/wp\/v2\/product_brand?post=6293"},{"taxonomy":"product_cat","embeddable":true,"href":"https:\/\/mouhtadiprojects.com\/Salus\/wp-json\/wp\/v2\/product_cat?post=6293"},{"taxonomy":"product_tag","embeddable":true,"href":"https:\/\/mouhtadiprojects.com\/Salus\/wp-json\/wp\/v2\/product_tag?post=6293"}],"curies":[{"name":"wp","href":"https:\/\/api.w.org\/{rel}","templated":true}]}}